0 a multiple of 180?
True
Is 16 a factor of 7458?
False
Is 2306 a multiple of 20?
False
Is 83 a factor of 14276?
True
Is 98 a factor of 5390?
True
Does 17 divide 578?
True
Is 11 a factor of 3710?
False
Is 13275 a multiple of 225?
True
Does 78 divide 1426?
False
Is 255 a multiple of 15?
True
Is 9 a factor of 4590?
True
Is 10173 a multiple of 23?
False
Does 18 divide 1656?
True
Does 16 divide 333?
False
Is 58 a factor of 263?
False
Is 16021 a multiple of 57?
False
Is 548 a multiple of 2?
True
Is 19 a factor of 15740?
False
Does 23 divide 25921?
True
Is 36 a factor of 5220?
True
Does 24 divide 5880?
True
Is 3808 a multiple of 68?
True
Does 60 divide 1105?
False
Is 2354 a multiple of 22?
True
Does 18 divide 974?
False
Does 189 divide 32886?
True
Does 8 divide 1104?
True
Does 26 divide 719?
False
Does 12 divide 8004?
True
Does 17 divide 457?
False
Is 52 a factor of 890?
False
Does 14 divide 72?
False
Is 13 a factor of 195?
True
Does 27 divide 3672?
True
Does 9 divide 414?
True
Is 161 a factor of 17388?
True
Does 28 divide 1727?
False
Is 5182 a multiple of 108?
False
Is 35 a factor of 910?
True
Is 69 a factor of 54632?
False
Does 18 divide 10476?
True
Does 70 divide 1547?
False
Does 15 divide 21600?
True
Is 102580 a multiple of 223?
True
Does 203 divide 21840?
False
Is 3 a factor of 1162?
False
Does 15 divide 2459?
False
Is 69 a factor of 6762?
True
Is 23367 a multiple of 109?
False
Is 53 a factor of 159?
True
Is 4 a factor of 380?
True
Does 13 divide 5876?
True
Is 1560 a multiple of 13?
True
Is 50 a factor of 2950?
True
Is 1450 a multiple of 15?
False
Is 1021 a multiple of 28?
False
Is 182 a multiple of 5?
False
Is 559 a multiple of 29?
False
Is 95 a factor of 2226?
False
Does 20 divide 100?
True
Is 61182 a multiple of 198?
True
Is 74 a factor of 10508?
True
Does 10 divide 1778?
False
Does 5 divide 322?
False
Does 60 divide 25130?
False
Is 1690 a multiple of 26?
True
Does 26 divide 104?
True
Is 37 a factor of 3435?
False
Is 405 a multiple of 15?
True
Is 18 a factor of 1386?
True
Is 14 a factor of 5084?
False
Is 63 a factor of 1740?
False
Is 4547 a multiple of 99?
False
Is 28248 a multiple of 6?
True
Is 49 a factor of 7178?
False
Is 48 a factor of 2208?
True
Is 6 a factor of 154?
False
Is 17 a factor of 4046?
True
Does 38 divide 3651?
False
Is 25 a factor of 3700?
True
Is 2622 a multiple of 13?
False
Is 603 a multiple of 12?
False
Does 29 divide 1073?
True
Is 263 a multiple of 12?
False
Is 5819 a multiple of 225?
False
Is 107 a factor of 20223?
True
Does 7 divide 11432?
False
Is 153 a multiple of 17?
True
Is 97538 a multiple of 354?
False
Does 5 divide 4370?
True
Is 116 a multiple of 58?
True
Does 2 divide 144?
True
Does 6 divide 4086?
True
Does 26 divide 780?
True
Is 94 a factor of 1128?
True
Does 11 divide 4521?
True
Does 2 divide 381?
False
Is 5 a factor of 20?
True
Is 70 a factor of 2882?
False
Is 1860 a multiple of 31?
True
Is 13 a factor of 1256?
False
Does 36 divide 1296?
True
Is 2177 a multiple of 13?
False
Does 75 divide 8726?
False
Does 11 divide 187?
True
Is 2731 a multiple of 13?
False
Does 80 divide 1378?
False
Is 3 a factor of 155?
False
Does 20 divide 7700?
True
Is 1241 a multiple of 10?
False
Does 4 divide 649?
False
Does 14 divide 305?
False
Does 45 divide 299?
False
Does 34 divide 20434?
True
Is 2370 a multiple of 23?
False
Does 21 divide 69321?
True
Is 49 a factor of 539?
True
Is 25 a factor of 350?
True
Does 17 divide 1249?
False
Is 1455 a multiple of 15?
True
Is 15 a factor of 14011?
False
Does 8 divide 454?
False
Does 12 divide 79500?
True
Does 22 divide 6604?
False
Is 702 a multiple of 9?
True
Is 1673 a multiple of 10?
False
Is 527 a multiple of 108?
False
Does 3 divide 957?
True
Is 8 a factor of 392?
True
Is 9 a factor of 378?
True
Does 138 divide 12282?
True
Does 154 divide 5236?
True
Does 129 divide 9804?
True
Does 167 divide 30227?
True
Is 268 a multiple of 6?
False
Is 451 a multiple of 34?
False
Is 38511 a multiple of 33?
True
Is 8582 a multiple of 10?
False
Does 17 divide 4657?
False
Does 5 divide 501?
False
Does 285 divide 53782?
False
Is 20 a factor of 1420?
True
Is 480 a multiple of 10?
True
Does 20 divide 260?
True
Does 23 divide 5842?
True
Is 3916 a multiple of 61?
False
Does 36 divide 468?
True
Does 8 divide 825?
False
Is 2054 a multiple of 13?
True
Is 19 a factor of 741?
True
Is 941 a multiple of 17?
False
Is 2100 a multiple of 14?
True
Is 82 a factor of 121688?
True
Does 56 divide 2816?
False
Is 87 a multiple of 49?
False
Does 38 divide 3092?
False
Is 2 a factor of 256?
True
Does 14 divide 1022?
True
Is 1114 even?
True
Is 30 a factor of 12420?
True
Is 2623 a multiple of 28?
False
Is 56 a multiple of 5?
False
Is 16 a factor of 512?
True
Does 6 divide 10100?
False
Is 140 a multiple of 14?
True
Does 29 divide 364?
False
Is 10 a factor of 3410?
True
Is 3162 a multiple of 62?
True
Is 12 a factor of 216?
True
Is 1437 a multiple of 38?
False
Does 109 divide 48287?
True
Is 1872 a multiple of 48?
True
Is 1104 a multiple of 16?
True
Does 10 divide 2472?
False
Does 20 divide 16780?
True
Is 2 a factor of 2064?
True
Is 4546 a multiple of 8?
False
Is 31 a factor of 6727?
True
Is 34 a factor of 412?
False
Does 160 divide 7200?
True
Does 22 divide 10208?
True
Does 17 divide 343?
False
Does 3 divide 9760?
False
Does 17 divide 17799?
True
Is 58 a multiple of 2?
True
Is 457 a multiple of 12?
False
Is 21 a factor of 17535?
True
Is 97090 a multiple of 511?
True
Is 8832 a multiple of 12?
True
Does 10 divide 1389?
False
Is 2016 a multiple of 72?
True
Is 252 a multiple of 47?
False
Is 64 a factor of 4736?
True
Does 2 divide 562?
True
Is 8 a factor of 2325?
False
Is 770 a multiple of 11?
True
Is 1217 a multiple of 22?
False
Is 28 a factor of 1092?
True
Is 175 a factor of 58818?
False
Is 6 a factor of 510?
True
Is 3560 a multiple of 39?
False
Does 93 divide 8742?
True
Is 2163 a multiple of 6?
False
Is 51 a factor of 2295?
True
Does 171 divide 24964?
False
Is 931 a multiple of 58?
False
Is 124 a multiple of 4?
True
Does 27 divide 6453?
True
Does 8 divide 80?
True
Is 19797 a multiple of 138?
False
Is 10906 a multiple of 19?
True
Is 8 a factor of 22738?
False
Does 9 divide 12580?
False
Is 156 a multiple of 12?
True
Is 21 a factor of 29778?
True
Does 41 divide 606?
False
Does 21 divide 1090?
False
Does 7 divide 182?
True
Does 102 divide 3840?
False
Is 2501 a multiple of 11?
False
Does 165 divide 29205?
True
Does 3 divide 7049?
False
Is 107 a factor of 4586?
False
Is 13 a factor of 2895?
False
Is 14 a factor of 2855?
False
Does 17 divide 1100?
False
Does 25 divide 998?
False
Is 172 a multiple of 2?
True
Does 35 divide 453?
False
Is 696 a multiple of 24?
True
Is 80 a factor of 2880?
True
Is 699 a multiple of 66?
False
Is 52 a factor of 19297?
False
Is 7 a factor of 59?
False
Does 35 divide 805?
True
Is 22 a factor of 56188?
True
Is 14 a factor of 5026?
True
Does 57 divide 6287?
False
Does 2 divide 752?
True
Is 954 a multiple of 12?
False
Is 81 a factor of 36413?
False
Is 955 a multiple of 4?
False
Is 6680 a multiple of 10?
True
Does 91 divide 4732?
True
Does 60 divide 19327?
False
Is 11 a factor of 990?
True
Is 3696 a multiple of 66?
True
Is 1951 a multiple of 3?
False
Is 20 a factor of 12394?
False
Is 8 a factor of 28575?
False
Is 375 a multiple of 25?
True
Does 21 divide 2331?
True
Does 9 divide 383?
False
Is 17502 a multiple of 7?
False
Does 8 divide 553?
False
Is 7362 a multiple of 7?
False
Is 36506 a multiple of 130?
False
Is 21 a factor of 226?
False
Does 6 divide 4605?
False
Is 844 a multiple of 4?
True
Is 50270 a multiple of 17?
False
Is 10 a factor of 4240?
True
Is 314 a factor of 11957?
False
Does 3 divide 2196?
True
Is 74 a factor of 15540?
True
Does 19 divide 760?
True
Does 271 divide 36625?
False
Is 15 a factor of 29628?
False
Is 129 a factor of 4441?
False
Is 43883 a multiple of 12?
False
Is 2 a factor of 392?
True
Does 89 divide 29014?
True
Is 14 a factor of 6860?
True
Does 150 divide 9190?
False
Does 36 divide 3569?
False
Is 138 even?
True
Is 594 a multiple of 18?
True
Is 5 a factor of 80?
True
Is 4839 a multiple of 27?
False
Does 2 divide 28?
True
Is 939 a multiple of 23?
False
Does 5 divide 1718?
False
Is 190 a factor of 17100?
True
Is 67 a factor of 98088?
True
Is 43 a factor of 26445?
True
Is 58559 a multiple of 158?
Fa